.
0
Let a(s) = -2*s + 9. Let r be a(3). Let p(o) = -7*o**r - 6*o**3 + 0*o**2 + 11*o**3 + 4*o - 3 + o**2. Let k = 31 + -29. Determine p(k).
-7
Let s(d) = d**2 - 4*d - 9. Let f be s(6). Suppose -q + 9 = -f. Suppose -q = -4*k - 32. Let g(w) = -w - 7. Determine g(k).
-2
Let g(j) = -2*j - 42. Let w = 38332 + -38304. Calculate g(w).
-98
Suppose -9*i = 2*i - 121. Suppose 2*o + 207 = i*o. Let n(m) = -m**3 + 6 + o*m - m**2 - 6*m**2 - 15*m. Give n(-8).
6
Let g(t) = -t**3 + 15*t**2 + 18*t - 24. Let q be g(16). Let y be 36/4*q/36. Let d(k) = 2*k - 3*k + y*k + 0*k. Give d(-5).
-5
Let h(f) be the first derivative of -9*f + 65 - 3/2*f**2. Determine h(-6).
9
Let z(s) = -s + 1. Let b(f) = -3*f + 3. Let o = -107 + 104. Let d be o/(-6)*2*-4. Let n(i) = d*b(i) + 11*z(i). What is n(5)?
4
Let l(r) = 11*r**2 - 49*r + 7. Let x = 363 + -358. What is l(x)?
37
Let r(x) be the third derivative of x**5/30 + 13*x**4/12 - 5*x**3/3 + 329*x**2. Calculate r(-13).
-10
Let s = -11470 - -11461. Let b(c) = c**3 + 11*c**2 + 21*c + 1. What is b(s)?
-26
Suppose 0 = 44*f - 103 - 73. Let s(j) = -j**3 + 5*j**2 - 3*j + 12. Give s(f).
16
Let m(g) = -6 + 42*g**3 + 11*g**2 + 1 - 41*g**3. Let r(u) = u**2 + 6*u - 11. Let p be r(-6). Let z be m(p). Let j(h) = -h**2 - 6*h + 5. Determine j(z).
10
Let g(d) = d**3 - 19*d**2 + 17*d + 35. Let v be g(18). Let p(b) = v - b + 2*b - b**2 - 14. Calculate p(-5).
-27
Suppose 0 = u - 7*u + 18. Let g(n) = -124*n - 123*n + 252*n + 2. Determine g(u).
17
Let g(p) = -p**3 + 5*p**2 - 3*p + 18. Let x be g(5). Let t(r) = -4 + x*r + 3 - 4*r + 3*r. Suppose 6*v = 10*v + 12. What is t(v)?
-7
Let f(m) = 9*m - 68. Let h = -5983 - -5991. Determine f(h).
4
Let t(d) = d**3 + 50*d**2 - 50*d + 37. Let f be ((-51)/4)/(9/(576/(-944)) - -15). Give t(f).
-14
Suppose -4*p - 2*l - 178 = 0, -2*l = 4*p - 4*l + 182. Let z = p - -47. Let k(i) = -3*i - 5 - 7*i + 5*i - 2*i**z + 2. What is k(-4)?
-15
Let h(b) be the third derivative of -b**6/120 + 2*b**5/15 + 3*b**4/8 + 7*b**3/6 - 2122*b**2. What is h(9)?
7
Suppose 0*k + 2*k = 0. Let p(y) be the first derivative of y**5/20 + y**4/12 - y**3/6 - y**2 - 4*y + 12. Let j(b) be the first derivative of p(b). Give j(k).
-2
Let h be (-1034)/(-44) - 3/2. Suppose -40 + h = 6*p. Let a(u) = u**2 - 3. Give a(p).
6
Suppose c = x + 3, 3*c = -2*c - 4*x - 12. Let q(a) be the second derivative of -a**3/6 + 9*a**2/2 + 3213*a. Determine q(c).
9
Let i(v) = 19*v**2 - 4*v - 57. Let b(l) = 93*l**2 - 19*l - 276. Let q(p) = 6*b(p) - 29*i(p). Calculate q(2).
29
Let u(x) = x**2 + 6*x + 5. Let t = -1651 - -1643. Calculate u(t).
21
Let p(k) = -k**3 - 6*k**2 + 5*k + 2. Let b(v) = v**2 + 15*v - 22. Let a be (-34)/4*(-9)/(27/(-6)). Let f be b(a). Let z be 14*1/(8/(f/(-3))). Determine p(z).
16
Suppose 0 = 3*c - l - 13, 0 = 4*c + 5*l + 8. Let z = -3091 + 3141. Let a(n) = -z + c*n + 53 - 6*n. Calculate a(2).
-3
Let f be (17 + -21)*(2 - 3). Let o(l) = f + 3*l - 7 - 8*l + 1. Calculate o(5).
-27
Let c(u) = 2*u**3 + 7*u**2 + 5*u - 3. Let n(v) = 3*v**3 + 8*v**2 + 6*v - 4. Suppose 2*q = -3*l - 17, -6*q + 3*q - l = 15. Let a(t) = q*c(t) + 3*n(t). Give a(4).
-8
Let u(v) = -11*v**3 + 18*v**2 + 24*v + 22. Let d(m) = -8*m**3 + 19*m**2 + 24*m + 22. Let a(h) = -4*d(h) + 3*u(h). Determine a(-21).
41
Let i(b) be the third derivative of -b**6/8 - b**3/6 + b**2 - b + 2744. Determine i(1).
-16
Suppose 2 + 18 = 4*r - 4*t, 5*t = 3*r - 7. Let j(u) be the second derivative of -u**5/20 + 3*u**4/4 + u**3/6 - 4*u**2 + 1216*u. Give j(r).
1
Let z(u) be the first derivative of -u**2/2 + 3*u - 3. Suppose 3*q = 12*g + 9, -43*g + 2*q = -41*g + 12. Give z(g).
2
Let z(s) be the second derivative of -s**3/6 - 4*s**2 + 5656*s. What is z(-6)?
-2
Let j(t) be the first derivative of -t**2/2 - 18*t - 642. Calculate j(-15).
-3
Let w(n) = -15 + n**2 + 2*n**2 - 2*n**2 + 24*n - 16 - 3*n**2. Calculate w(11).
-9
Let m(s) = -4*s + 3. Let t(q) = 15*q - 10. Let y(v) = -7*m(v) - 2*t(v). Let u(c) = 43*c - 3. Let n(p) = u(p) - 3*y(p). Calculate n(1).
49
Let q(o) = -15*o + 16. Let t(f) = 23*f - 24. Let a(y) = -8*q(y) - 5*t(y). Suppose -141*p + 2 = -140*p. Determine a(p).
2
Let r = 5895 - 5911. Let f(p) = p**3 + 16*p**2 - 3*p + 18. Give f(r).
66
Let q(y) = 7*y - 30. Suppose -456*f - 385 = -511*f. Calculate q(f).
19
Suppose 7*v - 14 = 5*v. Let j(l) = l**2 - 25*l + 11. Let s be j(v). Let q = s - -116. Let t(z) = -5*z + 1. What is t(q)?
-4
Let i be 23*-2*(8/(-28) - (-255)/(-357)). Let p(k) = k**2 - 44*k - 89. Determine p(i).
3
Let u(n) = -9*n - 81. Let m(i) = 2*i + 17. Let s(k) = 24*m(k) + 5*u(k). Let v(f) = -f + 8. Let b be v(11). Let t = b + 9. What is s(t)?
21
Let n = -3/11779 + 12139/1413480. Let a(x) be the third derivative of 1/20*x**5 + 0*x + n*x**6 - 1/3*x**3 - 15*x**2 + 0 + 0*x**4. Determine a(2).
18
Let q(k) = 250041*k + 37 + 25*k**2 + k**3 - 249858*k - 75*k**2. Calculate q(46).
-9
Let u(c) = -2*c**2 - 1 - c**2 - 2*c**3 + 2*c**2 + c**3 + 2*c. Let g(x) = 8 + 7*x - 18 - 2*x**2 - 4*x**3 + 4 + 3. Let b(q) = 2*g(q) - 7*u(q). Determine b(2).
5
Let p(j) = -j**3 + 4*j**2 + 7*j + 1. Let u = -17809 + 17807. Give p(u).
11
Let y(j) = -5*j**2 + 12*j + 24. Suppose -89*h + 82*h = -49. Let w(i) = -9*i**2 + 23*i + 45. Let p(t) = h*y(t) - 4*w(t). Calculate p(9).
-3
Let d(q) = -q**2 - 11*q - 24. Let k = 2139 + -2146. Determine d(k).
4
Let t(s) = 8*s + 1. Let m(h) = -9*h - 1. Let p(y) = 6*m(y) + 7*t(y). Let v be 0 + (-48)/8 + 16 + -12. What is p(v)?
-3
Let c(q) = -18*q - 4*q**2 - 6*q**2 + 16 - q**3 + 18*q - 8*q + 0*q**2. Determine c(-9).
7
Let u(k) be the first derivative of -k**3 + 3*k**2 + 2*k - 7. Let j(g) = -13*g**2 + 22*g + 10. Let n(h) = -2*j(h) + 9*u(h). Determine n(10).
-2
Let q(m) = -2268 - 32*m + 4588 - 2366. What is q(-1)?
-14
Let i(w) = w**3 + 4*w**2 + w - 2. Let x = -50 + 75. Let l = 30 - x. Suppose 3*p = 4*q - 1, 2*p + 0*q = -l*q - 16. Determine i(p).
4
Let d(x) = 39*x**3 + 103577*x - 143 - 43*x**2 - 40*x**3 - 103490*x. What is d(-45)?
-8
Let n(w) = -5*w + 4. Let s(b) = 9*b - 7. Let f(d) = -7*n(d) - 4*s(d). Let i = 51723 - 51728. Give f(i).
5
Suppose 11*b = 16*b + 465. Let r = b - -88. Let m(t) = -1 - 26*t**2 + 6 + 12*t**2 + 6*t + 15*t**2. Give m(r).
0
Let c be 5/(3/(2 - 5)). Let t(u) = -21*u + 3. Let x(a) = -11*a + 2. Let j(z) = 4*t(z) - 7*x(z). Let r(v) = -9*v - 1. Let s(h) = 4*j(h) - 3*r(h). Give s(c).
0
Let k(q) be the first derivative of -q**4/4 + 12*q - 1. Let a(z) = -2*z**2 - 82*z - 38. Let x be a(-37). Suppose 0 = x*p - 259*p. What is k(p)?
12
Let f(g) = -11*g**2 + 2*g - 24. Let o(i) = 5*i**2 - i + 11. Let p(x) = 6*f(x) + 13*o(x). Calculate p(-4).
-13
Let l(m) = -10*m**2 + 31*m - 29. Let v(u) = 3*u**2 - 10*u + 10. Let s(f) = -2*l(f) - 7*v(f). Let j(t) = 2*t**2 - 811*t + 67686. Let o be j(288). Calculate s(o).
0
Let n(g) = -5*g - 1. Let r be 104/6 - (-2)/3. Let c be (-10 - 616/(-66))/(2/(-51)). Let t = r - c. Determine n(t).
-6
Let v(r) = r**2 - 24*r + 9. Let q = 5951 - 5927. Calculate v(q).
9
Let h = -80 - -84. Suppose -h*g = l - 2*l - 12, -g - 2 = l. Let p(a) = 15*a**g - 7*a**3 + 8*a**3 + 7 - 9*a**2 + 3*a. Give p(-6).
-11
Let h(a) = -a**3 - 13*a + 59337 - 29680 - 29678 - 2*a**2 - 7*a**2. Give h(-8).
19
Let b be (-1)/(-4*(-2)/8). Let x be 5/(-1) + 4 + b. Let y(p) = 15*p**2 + 9*p - 4. Let c(l) = 8*l**2 + 5*l - 2. Let a(n) = -7*c(n) + 4*y(n). Give a(x).
12
Let x(p) = -3658*p - 47549. Let i be x(-13). Let f(u) be the second derivative of u**5/20 - u**4/2 - 5*u**2/2 + u. Give f(i).
-30
Let u(a) = -a**2 + 12*a + 7. Let r(d) = -d**2 + 12*d + 6. Let j(t) = -2*r(t) + 3*u(t). Let m(w) = -w**3 - 9*w**2 + 26*w + 57. Let n be m(-11). What is j(n)?
-4
Let t(h) = -2*h**3 + h**2 + h - 4. Let p be t(-3). Let z = -51 + p. Let i(n) = 4 - z*n + 2 + 5*n - 2*n. Determine i(4).
-2
Let q = 183 - 183. Let k be ((-32)/(-40))/(q - (-2)/(-25)). Let p(v) = -v**2 - 11*v - 11. Determine p(k).
-1
Let w(x) = -73*x + 3340. Let h(v) = -17*v + 836. Let c(o) = 15*h(o) - 4*w(o). Determine c(22).
-6
Suppose 58*g + 96 = 26*g. Let i(l) = 13*l + 34. Calculate i(g).
-5
Let m(g) = 3*g + 2. Let i be m(2). Let o(a) = -4*a + 4*a + 12*a - 12*a + 6*a - a**2. Calculate o(i).
-16
Suppose 0 = 5*i - 19 - 1. Suppose -i + 2 = -2*v, -5*h = v - 6. Let a(j) = 5*j - 4*j + 1035 - 1034 - 10*j**2 - 2*j - j. What is a(h)?
-11
Let n(u) = u**2 + 5*u + 1. Suppose 4*k + 403 = -